{"id":223,"date":"2019-08-08T09:57:07","date_gmt":"2019-08-08T09:57:07","guid":{"rendered":"https:\/\/airtech2.bolvo.com\/demo2\/?page_id=223"},"modified":"2025-06-03T07:41:19","modified_gmt":"2025-06-03T07:41:19","slug":"services","status":"publish","type":"page","link":"https:\/\/hvac.instal-prodan.ro\/index.php\/services\/","title":{"rendered":"Servicii"},"content":{"rendered":"\t\t<div data-elementor-type=\"wp-post\" data-elementor-id=\"223\" class=\"elementor elementor-223\" data-elementor-post-type=\"page\">\n\t\t\t\t<div class=\"elementor-element elementor-element-1ba558f e-flex e-con-boxed e-con e-parent\" data-id=\"1ba558f\" data-element_type=\"container\" data-e-type=\"container\">\n\t\t\t\t\t<div class=\"e-con-inner\">\n\t\t\t\t<div class=\"elementor-element elementor-element-f4f6912 elementor-widget elementor-widget-ucaddon_homeservices2\" data-id=\"f4f6912\" data-element_type=\"widget\" data-e-type=\"widget\" data-widget_type=\"ucaddon_homeservices2.default\">\n\t\t\t\t<div class=\"elementor-widget-container\">\n\t\t\t\t\t\n<!-- start Home Services 2 -->\n\n<section class=\"repair_system_area p_100\">\n    <div class=\"container\">\n        <div class=\"center_title_big text-center\">\n            <h2><p>Instalare \u0219i mentenan\u021b\u0103 pentru sisteme de aer condi\u021bionat \u0219i \u00eenc\u0103lzire<br \/>Direct in locatia ta<\/p><\/h2>\n            <p>La Instal Prodan, punem la dispozi\u021bia clien\u021bilor o gam\u0103 complet\u0103 de servicii HVAC, concepute pentru confort, eficien\u021b\u0103 \u0219i durabilitate. Oferim montaj profesional pentru sisteme de climatizare, \u00eenc\u0103lzire \u0219i ventila\u021bie, adaptate at\u00e2t spa\u021biilor reziden\u021biale, c\u00e2t \u0219i celor comerciale. Realiz\u0103m \u00eentre\u021binere periodic\u0103 \u0219i repara\u021bii pentru toate tipurile de echipamente HVAC, asigur\u00e2nd func\u021bionarea optim\u0103 \u0219i prelungirea duratei de via\u021b\u0103 a sistemelor. De asemenea, oferim servicii de modernizare, consultan\u021b\u0103 tehnic\u0103 \u0219i evalu\u0103ri energetice, astfel \u00eenc\u00e2t fiecare client s\u0103 beneficieze de solu\u021bii performante, eficiente \u0219i personalizate. Indiferent de sezon, suntem preg\u0103ti\u021bi s\u0103 aducem confortul termic de care ai nevoie.<\/p>\n        <\/div>\n        <div class=\"row repair_system_inner\">\n            \n            <div class=\"col-lg-3 col-sm-6\">\n  <div class=\"rp_box_item\">\n    <img decoding=\"async\" src=\"https:\/\/aliceblue-aardvark-476861.hostingersite.com\/wp-content\/plugins\/airtech-addons\/images\/placeholder.png\" alt=\"\" \/>\n        <a href=\"#\"><h4>Instalare AC<\/h4><\/a>\n        <div class=\"icon\">\n      <i class=\"fas fa-search\" aria-hidden=\"true\"><\/i>\n    <\/div>\n  <\/div>\n<\/div>\n<div class=\"col-lg-3 col-sm-6\">\n  <div class=\"rp_box_item\">\n    <img decoding=\"async\" src=\"https:\/\/aliceblue-aardvark-476861.hostingersite.com\/wp-content\/plugins\/airtech-addons\/images\/placeholder.png\" alt=\"\" \/>\n        <a href=\"#\"><h4>Instalare incalzire in pardoseala<\/h4><\/a>\n        <div class=\"icon\">\n      <i class=\"fas fa-search\" aria-hidden=\"true\"><\/i>\n    <\/div>\n  <\/div>\n<\/div>\n<div class=\"col-lg-3 col-sm-6\">\n  <div class=\"rp_box_item\">\n    <img decoding=\"async\" src=\"https:\/\/aliceblue-aardvark-476861.hostingersite.com\/wp-content\/plugins\/airtech-addons\/images\/placeholder.png\" alt=\"\" \/>\n        <a href=\"#\"><h4>Igienizare AC<\/h4><\/a>\n        <div class=\"icon\">\n      <i class=\"fas fa-search\" aria-hidden=\"true\"><\/i>\n    <\/div>\n  <\/div>\n<\/div>\n<div class=\"col-lg-3 col-sm-6\">\n  <div class=\"rp_box_item\">\n    <img decoding=\"async\" src=\"https:\/\/aliceblue-aardvark-476861.hostingersite.com\/wp-content\/plugins\/airtech-addons\/images\/placeholder.png\" alt=\"\" \/>\n        <a href=\"#\"><h4>Incarcare cu freon AC<\/h4><\/a>\n        <div class=\"icon\">\n      <i class=\"fas fa-search\" aria-hidden=\"true\"><\/i>\n    <\/div>\n  <\/div>\n<\/div>\n<div class=\"col-lg-3 col-sm-6\">\n  <div class=\"rp_box_item\">\n    <img decoding=\"async\" src=\"https:\/\/hvac.instal-prodan.ro\/wp-content\/plugins\/airtech-addons\/images\/placeholder.png\" alt=\"\" \/>\n        <a href=\"#\"><h4>Montare Calorifere<\/h4><\/a>\n        <div class=\"icon\">\n      <i class=\"\" aria-hidden=\"true\"><\/i>\n    <\/div>\n  <\/div>\n<\/div>\n<div class=\"col-lg-3 col-sm-6\">\n  <div class=\"rp_box_item\">\n    <img decoding=\"async\" src=\"https:\/\/hvac.instal-prodan.ro\/wp-content\/plugins\/airtech-addons\/images\/placeholder.png\" alt=\"\" \/>\n        <a href=\"#\"><h4>Montare Centrala<\/h4><\/a>\n        <div class=\"icon\">\n      <i class=\"\" aria-hidden=\"true\"><\/i>\n    <\/div>\n  <\/div>\n<\/div>\n<div class=\"col-lg-3 col-sm-6\">\n  <div class=\"rp_box_item\">\n    <img decoding=\"async\" src=\"https:\/\/hvac.instal-prodan.ro\/wp-content\/plugins\/airtech-addons\/images\/placeholder.png\" alt=\"\" \/>\n        <a href=\"#\"><h4>Mentenanta centrala<\/h4><\/a>\n        <div class=\"icon\">\n      <i class=\"\" aria-hidden=\"true\"><\/i>\n    <\/div>\n  <\/div>\n<\/div>\n\n            \n        <\/div>\n    <\/div>\n<\/section>\n<!-- end Home Services 2 -->\t\t\t\t<\/div>\n\t\t\t\t<\/div>\n\t\t\t\t\t<\/div>\n\t\t\t\t<\/div>\n\t\t\t\t<\/div>\n\t\t","protected":false},"excerpt":{"rendered":"<p>Instalare \u0219i mentenan\u021b\u0103 pentru sisteme de aer condi\u021bionat \u0219i \u00eenc\u0103lzireDirect in locatia ta La Instal Prodan, punem la dispozi\u021bia clien\u021bilor o gam\u0103 complet\u0103 de servicii HVAC, concepute pentru confort, eficien\u021b\u0103 \u0219i durabilitate. Oferim montaj profesional pentru sisteme de climatizare, \u00eenc\u0103lzire \u0219i ventila\u021bie, adaptate at\u00e2t spa\u021biilor reziden\u021biale, c\u00e2t \u0219i celor comerciale. Realiz\u0103m \u00eentre\u021binere periodic\u0103 \u0219i repara\u021bii [&hellip;]<\/p>\n","protected":false},"author":1,"featured_media":0,"parent":0,"menu_order":0,"comment_status":"closed","ping_status":"closed","template":"elementor_header_footer","meta":{"footnotes":""},"class_list":["post-223","page","type-page","status-publish","hentry"],"_links":{"self":[{"href":"https:\/\/hvac.instal-prodan.ro\/index.php\/wp-json\/wp\/v2\/pages\/223","targetHints":{"allow":["GET"]}}],"collection":[{"href":"https:\/\/hvac.instal-prodan.ro\/index.php\/wp-json\/wp\/v2\/pages"}],"about":[{"href":"https:\/\/hvac.instal-prodan.ro\/index.php\/wp-json\/wp\/v2\/types\/page"}],"author":[{"embeddable":true,"href":"https:\/\/hvac.instal-prodan.ro\/index.php\/wp-json\/wp\/v2\/users\/1"}],"replies":[{"embeddable":true,"href":"https:\/\/hvac.instal-prodan.ro\/index.php\/wp-json\/wp\/v2\/comments?post=223"}],"version-history":[{"count":7,"href":"https:\/\/hvac.instal-prodan.ro\/index.php\/wp-json\/wp\/v2\/pages\/223\/revisions"}],"predecessor-version":[{"id":2706,"href":"https:\/\/hvac.instal-prodan.ro\/index.php\/wp-json\/wp\/v2\/pages\/223\/revisions\/2706"}],"wp:attachment":[{"href":"https:\/\/hvac.instal-prodan.ro\/index.php\/wp-json\/wp\/v2\/media?parent=223"}],"curies":[{"name":"wp","href":"https:\/\/api.w.org\/{rel}","templated":true}]}}

<div data-elementor-type="wp-post" data-elementor-id="223" class="elementor elementor-223" data-elementor-post-type="page">
				<div class="elementor-element elementor-element-1ba558f e-flex e-con-boxed e-con e-parent" data-id="1ba558f" data-element_type="container" data-e-type="container">
					<div class="e-con-inner">
				<div class="elementor-element elementor-element-f4f6912 elementor-widget elementor-widget-ucaddon_homeservices2" data-id="f4f6912" data-element_type="widget" data-e-type="widget" data-widget_type="ucaddon_homeservices2.default">
				<div class="elementor-widget-container">
					
<!-- start Home Services 2 -->

<section class="repair_system_area p_100">
    <div class="container">
        <div class="center_title_big text-center">
            <h2><p>Instalare și mentenanță pentru sisteme de aer condiționat și încălzire<br />Direct in locatia ta</p></h2>
            <p>La Instal Prodan, punem la dispoziția clienților o gamă completă de servicii HVAC, concepute pentru confort, eficiență și durabilitate. Oferim montaj profesional pentru sisteme de climatizare, încălzire și ventilație, adaptate atât spațiilor rezidențiale, cât și celor comerciale. Realizăm întreținere periodică și reparații pentru toate tipurile de echipamente HVAC, asigurând funcționarea optimă și prelungirea duratei de viață a sistemelor. De asemenea, oferim servicii de modernizare, consultanță tehnică și evaluări energetice, astfel încât fiecare client să beneficieze de soluții performante, eficiente și personalizate. Indiferent de sezon, suntem pregătiți să aducem confortul termic de care ai nevoie.</p>
        </div>
        <div class="row repair_system_inner">
            
            <div class="col-lg-3 col-sm-6">
  <div class="rp_box_item">
    <img decoding="async" src="https://aliceblue-aardvark-476861.hostingersite.com/wp-content/plugins/airtech-addons/images/placeholder.png" alt="" />
        <a href="#"><h4>Instalare AC</h4></a>
        <div class="icon">
      <i class="fas fa-search" aria-hidden="true"></i>
    </div>
  </div>
</div>
<div class="col-lg-3 col-sm-6">
  <div class="rp_box_item">
    <img decoding="async" src="https://aliceblue-aardvark-476861.hostingersite.com/wp-content/plugins/airtech-addons/images/placeholder.png" alt="" />
        <a href="#"><h4>Instalare incalzire in pardoseala</h4></a>
        <div class="icon">
      <i class="fas fa-search" aria-hidden="true"></i>
    </div>
  </div>
</div>
<div class="col-lg-3 col-sm-6">
  <div class="rp_box_item">
    <img decoding="async" src="https://aliceblue-aardvark-476861.hostingersite.com/wp-content/plugins/airtech-addons/images/placeholder.png" alt="" />
        <a href="#"><h4>Igienizare AC</h4></a>
        <div class="icon">
      <i class="fas fa-search" aria-hidden="true"></i>
    </div>
  </div>
</div>
<div class="col-lg-3 col-sm-6">
  <div class="rp_box_item">
    <img decoding="async" src="https://aliceblue-aardvark-476861.hostingersite.com/wp-content/plugins/airtech-addons/images/placeholder.png" alt="" />
        <a href="#"><h4>Incarcare cu freon AC</h4></a>
        <div class="icon">
      <i class="fas fa-search" aria-hidden="true"></i>
    </div>
  </div>
</div>
<div class="col-lg-3 col-sm-6">
  <div class="rp_box_item">
    <img decoding="async" src="https://hvac.instal-prodan.ro/wp-content/plugins/airtech-addons/images/placeholder.png" alt="" />
        <a href="#"><h4>Montare Calorifere</h4></a>
        <div class="icon">
      <i class="" aria-hidden="true"></i>
    </div>
  </div>
</div>
<div class="col-lg-3 col-sm-6">
  <div class="rp_box_item">
    <img decoding="async" src="https://hvac.instal-prodan.ro/wp-content/plugins/airtech-addons/images/placeholder.png" alt="" />
        <a href="#"><h4>Montare Centrala</h4></a>
        <div class="icon">
      <i class="" aria-hidden="true"></i>
    </div>
  </div>
</div>
<div class="col-lg-3 col-sm-6">
  <div class="rp_box_item">
    <img decoding="async" src="https://hvac.instal-prodan.ro/wp-content/plugins/airtech-addons/images/placeholder.png" alt="" />
        <a href="#"><h4>Mentenanta centrala</h4></a>
        <div class="icon">
      <i class="" aria-hidden="true"></i>
    </div>
  </div>
</div>

            
        </div>
    </div>
</section>
<!-- end Home Services 2 -->				</div>
				</div>
					</div>
				</div>
				</div>

<p>Instalare și mentenanță pentru sisteme de aer condiționat și încălzireDirect in locatia ta La Instal Prodan, punem la dispoziția clienților o gamă completă de servicii HVAC, concepute pentru confort, eficiență și durabilitate. Oferim montaj profesional pentru sisteme de climatizare, încălzire și ventilație, adaptate atât spațiilor rezidențiale, cât și celor comerciale. Realizăm întreținere periodică și reparații [&hellip;]</p>
